{"id":3689,"date":"2020-12-21T07:26:07","date_gmt":"2020-12-21T07:26:07","guid":{"rendered":"https:\/\/cincar.pt\/site\/contactos-2\/"},"modified":"2022-07-13T15:45:01","modified_gmt":"2022-07-13T15:45:01","slug":"contactos-2","status":"publish","type":"page","link":"https:\/\/cincar.pt\/site\/contactos-2\/","title":{"rendered":"Contactos"},"content":{"rendered":"\t\t<div data-elementor-type=\"wp-page\" data-elementor-id=\"3689\" class=\"elementor elementor-3689\" data-elementor-settings=\"[]\">\n\t\t\t\t\t\t\t<div class=\"elementor-section-wrap\">\n\t\t\t\t\t\t\t<section class=\"elementor-section elementor-top-section elementor-element elementor-element-3920d25 elementor-section-boxed elementor-section-height-default elementor-section-height-default\" data-id=\"3920d25\" data-element_type=\"section\">\n\t\t\t\t\t\t<div class=\"elementor-container elementor-column-gap-default\">\n\t\t\t\t\t<div class=\"elementor-column elementor-col-100 elementor-top-column elementor-element elementor-element-790cc024\" data-id=\"790cc024\" data-element_type=\"column\">\n\t\t\t<div class=\"elementor-widget-wrap elementor-element-populated\">\n\t\t\t\t\t\t\t\t<div class=\"elementor-element elementor-element-6c95ff45 elementor-widget elementor-widget-text-editor\" data-id=\"6c95ff45\" data-element_type=\"widget\" data-widget_type=\"text-editor.default\">\n\t\t\t\t<div class=\"elementor-widget-container\">\n\t\t\t\t\t<div class=\"elementor-text-editor elementor-clearfix\">[vc_row fullwidth=&#8221;1&#8243; el_class=&#8221;margin-bottom-50&#8243;][vc_column][vc_empty_space height=&#8221;40px&#8221;][\/vc_column][\/vc_row][vc_row][vc_column width=&#8221;2\/3&#8243; el_class=&#8221;padding-right-30 padding-side-mobile-0&#8243;]<div class=\"nasa-title clearfix hr-type-none\"><div class=\"nasa-wrap\"><h3 class=\"nasa-heading-title\"><span class=\"nasa-title-wrap\"><span style=\"background: #ffffff;\">Deixe a sua mensagem<\/span><span class=\"nasa-title-hr\"><\/span><\/span><\/h3><\/div><\/div>[vc_column_text]Se tiver alguma d\u00favida, n\u00e3o hesite em entrar em contacto connosco.\nN\u00f3s responderemos o mais breve poss\u00edvel. Obrigado![\/vc_column_text][vc_row_inner el_class=&#8221;margin-top-50 mobile-margin-top-30&#8243;][vc_column_inner]<div role=\"form\" class=\"wpcf7\" id=\"wpcf7-f3048-o1\" lang=\"en-US\" dir=\"ltr\">\n<div class=\"screen-reader-response\"><p role=\"status\" aria-live=\"polite\" aria-atomic=\"true\"><\/p> <ul><\/ul><\/div>\n<form action=\"\/site\/wp-json\/wp\/v2\/pages\/3689#wpcf7-f3048-o1\" method=\"post\" class=\"wpcf7-form init\" novalidate=\"novalidate\" data-status=\"init\">\n<div style=\"display: none;\">\n<input type=\"hidden\" name=\"_wpcf7\" value=\"3048\" \/>\n<input type=\"hidden\" name=\"_wpcf7_version\" value=\"5.6\" \/>\n<input type=\"hidden\" name=\"_wpcf7_locale\" value=\"en_US\" \/>\n<input type=\"hidden\" name=\"_wpcf7_unit_tag\" value=\"wpcf7-f3048-o1\" \/>\n<input type=\"hidden\" name=\"_wpcf7_container_post\" value=\"0\" \/>\n<input type=\"hidden\" name=\"_wpcf7_posted_data_hash\" value=\"\" \/>\n<\/div>\n<div class=\"contact-form-footer\">\n<div class=\"row\">\n<div class=\"lt-col large-6 columns\">\n       <label> Nome (obrigat\u00f3rio)<br \/>\n           <span class=\"wpcf7-form-control-wrap\" data-name=\"your-name\"><input type=\"text\" name=\"your-name\" value=\"\" size=\"40\" class=\"wpcf7-form-control wpcf7-text wpcf7-validates-as-required\" aria-required=\"true\" aria-invalid=\"false\" placeholder=\"nome\" \/><\/span> <\/label>\n    <\/div>\n<div class=\"lt-col large-6 columns\">\n       <label> Email (obrigat\u00f3rio)<br \/>\n          <span class=\"wpcf7-form-control-wrap\" data-name=\"your-email\"><input type=\"email\" name=\"your-email\" value=\"\" size=\"40\" class=\"wpcf7-form-control wpcf7-text wpcf7-email wpcf7-validates-as-required wpcf7-validates-as-email\" aria-required=\"true\" aria-invalid=\"false\" placeholder=\"email\" \/><\/span> <\/label>\n    <\/div>\n<\/div>\n<div class=\"row\">\n<div class=\"lt-col large-6 columns\">\n       <label> Telefone (obrigat\u00f3rio)<br \/>\n           <span class=\"wpcf7-form-control-wrap\" data-name=\"tel\"><input type=\"text\" name=\"tel\" value=\"\" size=\"40\" class=\"wpcf7-form-control wpcf7-text wpcf7-validates-as-required\" aria-required=\"true\" aria-invalid=\"false\" placeholder=\"Contacto\" \/><\/span> <\/label>\n    <\/div>\n<div class=\"lt-col large-6 columns\">\n       <label> Assunto (obrigat\u00f3rio)<br \/>\n          <span class=\"wpcf7-form-control-wrap\" data-name=\"assunto\"><input type=\"email\" name=\"assunto\" value=\"\" size=\"40\" class=\"wpcf7-form-control wpcf7-text wpcf7-email wpcf7-validates-as-required wpcf7-validates-as-email\" aria-required=\"true\" aria-invalid=\"false\" placeholder=\"assunto\" \/><\/span> <\/label>\n    <\/div>\n<\/div>\n<div class=\"row\">\n<div class=\"large-12 columns\">\n         <label> Mensagem<br \/>\n         <span class=\"wpcf7-form-control-wrap\" data-name=\"your-message\"><textarea name=\"your-message\" cols=\"100\" rows=\"20\" class=\"wpcf7-form-control wpcf7-textarea\" aria-invalid=\"false\" placeholder=\"Notas\"><\/textarea><\/span>\n    <\/div>\n<\/div>\n<p><input type=\"submit\" value=\"ENVIAR\" class=\"wpcf7-form-control has-spinner wpcf7-submit button small btn-contact\" id=\"form-submit\" \/><\/p>\n<\/div>\n<div class=\"wpcf7-response-output\" aria-hidden=\"true\"><\/div><\/form><\/div>[\/vc_column_inner][\/vc_row_inner][\/vc_column][vc_column width=&#8221;1\/3&#8243; el_class=&#8221;mobile-margin-top-30&#8243;]<div class=\"nasa-title clearfix hr-type-none\"><div class=\"nasa-wrap\"><h3 class=\"nasa-heading-title\"><span class=\"nasa-title-wrap\"><span style=\"background: #ffffff;\">Informa\u00e7\u00e3o<\/span><span class=\"nasa-title-hr\"><\/span><\/span><\/h3><\/div><\/div>[vc_column_text]\n\nRua dos Combatentes, 209<br> 3700 \u2013 089 S\u00e3o Jo\u00e3o da Madeira\n\n[\/vc_column_text][vc_empty_space height=&#8221;30px&#8221;][vc_column_text]<strong>Tel: <\/strong>+351\u00a0 256 841 287\n<strong>Mail: <\/strong>geral@cincar.pt[\/vc_column_text][vc_empty_space height=&#8221;250px&#8221;][\/vc_column][\/vc_row]<\/div>\n\t\t\t\t<\/div>\n\t\t\t\t<\/div>\n\t\t\t\t\t<\/div>\n\t\t<\/div>\n\t\t\t\t\t\t\t<\/div>\n\t\t<\/section>\n\t\t\t\t\t\t<\/div>\n\t\t\t\t\t<\/div>\n\t\t","protected":false},"excerpt":{"rendered":"<p>[vc_row fullwidth=&#8221;1&#8243; el_class=&#8221;margin-bottom-50&#8243;][vc_column][vc_empty_space height=&#8221;40px&#8221;][\/vc_column][\/vc_row][vc_row][vc_column width=&#8221;2\/3&#8243; el_class=&#8221;padding-right-30 padding-side-mobile-0&#8243;][vc_column_text]Se tiver alguma d\u00favida, n\u00e3o hesite em entrar em contacto connosco. N\u00f3s responderemos o mais breve poss\u00edvel. Obrigado![\/vc_column_text][vc_row_inner el_class=&#8221;margin-top-50 mobile-margin-top-30&#8243;][vc_column_inner][\/vc_column_inner][\/vc_row_inner][\/vc_column][vc_column width=&#8221;1\/3&#8243; el_class=&#8221;mobile-margin-top-30&#8243;][vc_column_text] Rua dos Combatentes, 209 3700 \u2013 089 S\u00e3o Jo\u00e3o da Madeira [\/vc_column_text][vc_empty_space height=&#8221;30px&#8221;][vc_column_text]Tel: +351\u00a0 256 841 287 (chamada para a rede fixa nacional) Mail: geral@cincar.pt[\/vc_column_text][vc_empty_space height=&#8221;250px&#8221;][\/vc_column][\/vc_row]<\/p>\n","protected":false},"author":1,"featured_media":3549,"parent":0,"menu_order":0,"comment_status":"closed","ping_status":"closed","template":"","meta":{"footnotes":""},"class_list":["post-3689","page","type-page","status-publish","has-post-thumbnail","hentry"],"_links":{"self":[{"href":"https:\/\/cincar.pt\/site\/wp-json\/wp\/v2\/pages\/3689","targetHints":{"allow":["GET"]}}],"collection":[{"href":"https:\/\/cincar.pt\/site\/wp-json\/wp\/v2\/pages"}],"about":[{"href":"https:\/\/cincar.pt\/site\/wp-json\/wp\/v2\/types\/page"}],"author":[{"embeddable":true,"href":"https:\/\/cincar.pt\/site\/wp-json\/wp\/v2\/users\/1"}],"replies":[{"embeddable":true,"href":"https:\/\/cincar.pt\/site\/wp-json\/wp\/v2\/comments?post=3689"}],"version-history":[{"count":12,"href":"https:\/\/cincar.pt\/site\/wp-json\/wp\/v2\/pages\/3689\/revisions"}],"predecessor-version":[{"id":3787,"href":"https:\/\/cincar.pt\/site\/wp-json\/wp\/v2\/pages\/3689\/revisions\/3787"}],"wp:featuredmedia":[{"embeddable":true,"href":"https:\/\/cincar.pt\/site\/wp-json\/wp\/v2\/media\/3549"}],"wp:attachment":[{"href":"https:\/\/cincar.pt\/site\/wp-json\/wp\/v2\/media?parent=3689"}],"curies":[{"name":"wp","href":"https:\/\/api.w.org\/{rel}","templated":true}]}}